. Let b(p) = -p**2 + p - 1. Give b(q).
-3
Let k(a) = -2*a**2 - 8*a + 13. Let g(s) = 3*s**2 + 8*s - 13. Let y(r) = 3*g(r) + 4*k(r). Give y(2).
1
Let n(p) = -p - 3. Suppose -w = -6 + 3, -4*w + 12 = 2*u. Determine n(u).
-3
Suppose -5*x = -5*z - 60, 0*z - 50 = -5*x + 3*z. Let q(l) = -l**3 + 8*l**2 - 11*l + 9. What is q(x)?
-19
Let v(n) = n**3 - 4*n**2 + 4*n - 3. Suppose 0 = 3*f - 0*f - 6. Suppose -3 = 3*r - 4*w, -r + 2*w + f*w - 9 = 0. Let d be v(r). Let g(a) = a + 13. Give g(d).
13
Let f(m) = -2*m**2 - 6*m + 1. Suppose 0 = 6*s + 187 - 157. Determine f(s).
-19
Let r(n) = -n**2 - 33*n - 3. Let w be r(-33). Let t = 2 - 6. Let m(l) = l**2 - 3*l - 4. Let i(p) = -p**2 + 2*p + 3. Let b(y) = t*m(y) - 5*i(y). What is b(w)?
4
Let h(a) be the third derivative of a**5/60 - 7*a**4/24 - a**3 - 57*a**2. Let x be 3/2*(-16)/(-3). Let m = x + -3. What is h(m)?
-16
Let x(f) = f**3 + 6*f**2 - 2*f - 6. Let l(u) = u. Let r(n) = -5*n - 3. Let q = 7 + -3. Let m(g) = q*l(g) + r(g). Let v be m(3). Give x(v).
6
Let a(v) = v**2 + 10*v - 12. Suppose 3*n - 3888 = 3*u - 0*u, 3*n - 6480 = 5*u. Let w be u/126 + 2/7. Determine a(w).
-12
Let r be -1 + 2 + 0 + 8. Let g = r + -7. Let j(v) = -5 - 3 + g*v + 1. Give j(6).
5
Let j be -2 + 0 + (-49)/(-7). Suppose 3*c - n + 8 = -12, 0 = -3*c + j*n - 4. Let h(x) = -x**2 - 9*x - 3. Calculate h(c).
5
Suppose -i + 2*s - 2 = i, 4*i = -5*s - 49. Let k be 16/(-6)*i/(-4). Let g(p) = -3*p + 23. Let o(u) = -u + 8. Let y(q) = -4*g(q) + 11*o(q). What is y(k)?
-8
Suppose -19*o = -5*o - 34*o. Let j(p) = -p**3 - p - 47. Give j(o).
-47
Suppose 0 = 2*t - 9 + 1. Suppose 5*n = 4*c + 4 - 3, t = 4*n. Let l(k) = 4*k**2 - 2*k + 1. Give l(c).
3
Let u(a) = 9*a + 8. Let l(b) be the third derivative of -13*b**4/12 - 23*b**3/6 - 14*b**2. Let n(s) = -6*l(s) - 17*u(s). Calculate n(-4).
-10
Let g(k) be the third derivative of -k**5/60 - k**4/12 - k**3/6 + k**2 - 53. Determine g(2).
-9
Let t(q) = 2*q + 6. Let w(s) = 14 + 13*s + s + 0*s**3 - 4*s**2 - s**3 - 8*s**2. Let r be w(-13). Let c be 2 + 1*(r - 8). Determine t(c).
-4
Let d(l) = 2*l**2 - 16*l - 20. Let t be (10 + -1)*(42/6)/7. Calculate d(t).
-2
Let g(t) be the third derivative of 0*t - 1/24*t**4 - 1/3*t**3 + 0 - 2*t**2. Let f(v) = -1. Let x(q) = -3*f(q) + 2*g(q). Determine x(-1).
1
Let k(m) = 3*m - 6. Let s = 67 - 60. Suppose -3*f = 5*b + s, -7*f = -2*f + 5*b - 5. What is k(f)?
12
Suppose -u + 4 = 0, 3*y - 2*u + 0*u = -14. Let h be (-6)/y + 3 - 1. Let t(q) = 2*q - 5*q - 2 + h*q. What is t(3)?
4
Let u(z) = -z**2 - 8*z + 1. Let s be (7 - (2 + -3))/(3 + -5). What is u(s)?
17
Let i(o) = 2 + 18*o + 18*o**2 - 20*o - o**3 - 17*o**2. Calculate i(2).
-6
Let j(s) = -5*s - 47. Suppose 9 = 5*y - 2*b + 66, -4*y - 2*b = 42. Give j(y).
8
Let w = -8 + 12. Suppose -3*d - 10 = -w*d. Let u(a) = 7 + 15*a - d*a - 4*a. What is u(-5)?
2
Let q(l) be the second derivative of l**4/12 - 5*l**3/3 + 11*l**2/2 - 12*l. Determine q(9).
2
Suppose -18*q + 35 = -11*q. Let p(d) = -d**3 + 6*d**2 - 7*d + 6. What is p(q)?
-4
Let r(l) be the first derivative of -l**3/3 + 5*l**2 - l + 332. Give r(9).
8
Let s(c) = c**2 - 2 - 3*c**2 + c**2 - 4*c + 3*c. Suppose 2*q + 8 = -2*r, 2*q = 5*r - 0*r + 6. Give s(q).
-4
Let u(q) = q**2 - 30*q**3 - 1 + 0*q**2 - 32*q**3 + 61*q**3. Suppose 4*l + 2*y = 8*l - 46, 0 = -5*l + 5*y + 65. Let j = l + -10. Calculate u(j).
-1
Let h(g) = 16*g**2 + 56*g - 291. Let r(d) = -3*d**2 - 11*d + 58. Let m(k) = -2*h(k) - 11*r(k). Let f be m(-13). Let t(u) = -u**2 + u + 3. Calculate t(f).
-17
Let t(q) = q**3 + 34*q**2 - 70*q + 67. Let d be t(-36). Let k(n) = n**2 + 8*n + 6. Determine k(d).
-9
Let g(z) be the first derivative of -5*z**2/2 - z - 19. Let f(l) = l + 3. Let b be f(7). Suppose 0 = -3*k - 2*k + 2*y + 6, -4*k - y = -b. What is g(k)?
-11
Let s be (-4*4)/4 + 7. Let a(y) = -2*y**3 + 2*y**3 + 6*y**2 - 8*y**2 + 1 - s*y**3. Give a(-2).
17
Let o(h) be the second derivative of 3/2*h**2 - 6*h + 1/20*h**5 + 5/3*h**3 + 0 + 2/3*h**4. Determine o(-7).
-18
Let i(b) = b**2 - 9*b + 8. Let y = 385 + -378. Give i(y).
-6
Suppose 47 + 41 = 5*a + l, l = -2*a + 34. Let m = 17 - a. Let c(b) = 4*b**2 - 1. Determine c(m).
3
Suppose b - 4 = 3*b. Let p(c) be the third derivative of -c**4/24 - c**3/3 + 180*c**2. Give p(b).
0
Let v(i) be the third derivative of 0 + 0*i + 1/60*i**5 - 1/3*i**3 - 3*i**2 + 1/8*i**4. Give v(-2).
-4
Let i(u) = -u**3 - 4*u**2 + 2*u + 1. Suppose 3*y = 5*v + 5*y + 14, -3*v - 2*y = 6. Determine i(v).
-7
Let d(m) = -10*m - 6. Let j be d(-4). Suppose -4 = -38*b + j*b. Let w(f) = 2*f. Calculate w(b).
2
Let i be (12/9 - 2)/(2/27). Let y(n) be the first derivative of -n**4/4 - 10*n**3/3 - 7*n**2/2 + 5*n - 54. Calculate y(i).
-13
Let s(o) = o**2 + 20*o + 85. Let y be s(-14). Let l(x) = -3*x - 2. Calculate l(y).
-5
Let y(s) be the first derivative of s**6/120 + s**5/15 - s**4/6 - 5*s**3/6 + 9*s**2/2 + 8. Let x(a) be the second derivative of y(a). Give x(-5).
-10
Let k(m) = 1 + 0*m + 58*m**2 - 27*m**2 - 6*m**3 - 5*m - 30*m**2 + 3*m. Determine k(1).
-6
Let u(k) be the second derivative of -k**5/20 - k**4/6 + k**3/6 - k**2 - 444*k. Give u(-3).
4
Let t(r) be the second derivative of 1/2*r**3 - 1/30*r**5 + 1/2*r**2 + 1/8*r**4 + 4*r + 0. Let v(h) be the first derivative of t(h). What is v(3)?
-6
Let b be (-9)/(-3) + (2 - -1) + -4. Let d(m) be the first derivative of -6 + 8*m - 1/3*m**3 - 5/2*m**b. What is d(-6)?
2
Let f = 17/12 + -4/3. Let y(u) be the second derivative of 4*u - u**2 + 1/2*u**3 + 0 + f*u**4. Determine y(-4).
2
Let i(z) = 5*z - 14. Let j(y) = 3*y - 8. Let t(s) = -5*i(s) + 7*j(s). Calculate t(6).
-10
Let v = -289 - -287. Let p(r) = r**3 - 2*r - 2. Determine p(v).
-6
Let u = 1514 + -1512. Let m(g) = -4*g + 8. Calculate m(u).
0
Let j = 7 - 4. Let m be 2 - (j - (3 - 0)). Let n(x) = 3*x + m + 0*x - 4 - x. Determine n(3).
4
Suppose -r - 27 = -2*s, -r = 4*s - 2*r - 57. Suppose -f = 4*f - s. Let x(z) = -z + 5*z**2 + z**3 + 7*z - f*z. What is x(-5)?
-15
Let u be (-12 + (-12)/(-1))*2/8. Let l(j) be the third derivative of u - 7/6*j**3 + 0*j + 1/12*j**4 - 4*j**2. What is l(-5)?
-17
Let o(g) = -11*g**3 + g**2 + g + 1. Suppose 4*w = 6*z - 2*z + 56, 5*w + 2*z = 56. Suppose 0 = 8*q - w*q - 4. What is o(q)?
12
Let r(w) = -53*w + 425. Let x be r(8). Let f(j) = 6*j**2 + j + 1. What is f(x)?
8
Suppose -3*a + 10 = -11. Suppose a = m - 3*c, 5*c = 2*m - 0*c - 13. Suppose -5*j - 4*q - m = 1, j - 5*q + 30 = 0. Let n(u) = -u**2 - 5*u - 3. Give n(j).
-3
Let v(y) = 7*y + 3. Let w(a) = 3*a + 1. Let z(d) = v(d) - 2*w(d). Suppose 0 = -3*r - 5*u + 5, 2 = 4*r + 3*u - u. What is z(r)?
1
Suppose 88 = 4*d - 2*a, -6*a - 104 = -5*d - 2*a. Suppose c - d = -21. Let b(r) = -r**3 + 5*r**2 - 3*r - 4. What is b(c)?
5
Let u(v) be the second derivative of 7*v**4/12 + v**2 - 3*v + 64. What is u(-2)?
30
Let h(x) = 2*x + 4. Let r be (-10)/(-40) - (-15)/4. Suppose 23 = -3*o - m, r*o = -3*m + 23 - 62. Give h(o).
-8
Let p(w) = 3*w**3 + 40*w**2 - 40*w + 25. Let n(o) = -o**3 - 13*o**2 + 13*o - 9. Let j(a) = 7*n(a) + 2*p(a). What is j(-12)?
-1
Let y(g) = 3. Let k(q) be the first derivative of -q**2/2 + 3*q + 22. Let u(x) = 6*k(x) - 7*y(x). What is u(-2)?
9
Let a(z) = -7*z + 41. Let p(i) = -2*i**2 - i + 27. Let q be p(3). Calculate a(q).
-1
Suppose -7*j = -13*j + 24. Suppose -6 = -j*c + 10. Let s(i) be the third derivative of -i**6/120 + i**5/20 + i**4/8 - i**3/3 - i**2. Determine s(c).
-6
Suppose 0 = -z - 2*v + 50, -5*z + 4*v = -v - 220. Suppose 9 + 11 = 5*x. Let s(d) = -55*d - x + 3 + z*d. What is s(-1)?
8
Let l(s) = -4*s - 47. Let b(n) = 2*n + 19. Let f(p) = 5*b(p) + 2*l(p). Give f(11).
23
Let a(k) be the first derivative of -k**3/3 + 3*k**2/2 - k - 1. Let n be 30/9 + 4/6. What is a(n)?
-5
Let m(w) = w**2 - 14*w - 20. Suppose 0 = 19*p - 17*p - 30. Give m(p).
-5
Let p(u) = u**2 - 13*u + 23. Suppose 2*d + 5*m = 5, 2*m + 1 + 5 = 0. Give p(d).
-7
Let i(w) = -w**2 + 11*w - 8. Let h = 479 - 470. What is i(h)?
10
Let l(x) = x**3 - 5*x**2 + 4*x. Suppose 5*k - 15 = 3*v, 3*k = 6*v - 9*v + 9. Determine l(k).
-6
Suppose 111 + 109 = 3*k - 4*p, -2*k - 3*p = -124. Let j = k + -76. Let x(o) = o**3 + 8*o**2 - 2. Determine x(j).
-2
Let f(r) = r**2 + r. Let a be f(1). Suppose 0 = 3*z + 4*c + 13, -a*z - 4*c = c + 18. Let x(n) be the second derivative of 2*n**4/3 + n. Calculate x(z).
8
Let g(p) be th